 is divided by 39.
38
What is the remainder when 151 is divided by 22?
19
Calculate the remainder when 132 is divided by 41.
9
What is the remainder when 337 is divided by 17?
14
What is the remainder when 130 is divided by 87?
43
Calculate the remainder when 707 is divided by 230.
17
Calculate the remainder when 1113 is divided by 71.
48
What is the remainder when 42 is divided by 9?
6
Calculate the remainder when 298 is divided by 43.
40
Calculate the remainder when 77 is divided by 16.
13
Calculate the remainder when 226 is divided by 95.
36
What is the remainder when 176 is divided by 56?
8
Calculate the remainder when 354 is divided by 132.
90
Calculate the remainder when 1047 is divided by 331.
54
Calculate the remainder when 199 is divided by 17.
12
Calculate the remainder when 453 is divided by 24.
21
Calculate the remainder when 36510 is divided by 8.
6
Calculate the remainder when 840 is divided by 142.
130
Calculate the remainder when 237 is divided by 81.
75
What is the remainder when 88 is divided by 44?
0
Calculate the remainder when 368 is divided by 125.
118
Calculate the remainder when 48 is divided by 9.
3
Calculate the remainder when 1023 is divided by 32.
31
Calculate the remainder when 2427 is divided by 81.
78
What is the remainder when 913 is divided by 17?
12
What is the remainder when 438 is divided by 22?
20
Calculate the remainder when 1901 is divided by 95.
1
Calculate the remainder when 56681 is divided by 11.
9
What is the remainder when 260 is divided by 129?
2
What is the remainder when 3240 is divided by 141?
138
Calculate the remainder when 24 is divided by 9.
6
Calculate the remainder when 121 is divided by 13.
4
What is the remainder when 93 is divided by 38?
17
Calculate the remainder when 6286 is divided by 149.
28
Calculate the remainder when 2063 is divided by 6.
5
Calculate the remainder when 158 is divided by 44.
26
Calculate the remainder when 4131 is divided by 1371.
18
What is the remainder when 672 is divided by 13?
9
Calculate the remainder when 179 is divided by 27.
17
What is the remainder when 758 is divided by 34?
10
What is the remainder when 232 is divided by 201?
31
Calculate the remainder when 1629 is divided by 792.
45
What is the remainder when 215 is divided by 24?
23
Calculate the remainder when 1583 is divided by 33.
32
Calculate the remainder when 478 is divided by 48.
46
Calculate the remainder when 688 is divided by 669.
19
What is the remainder when 38017 is divided by 69?
67
What is the remainder when 129 is divided by 37?
18
Calculate the remainder when 269 is divided by 21.
17
What is the remainder when 1661 is divided by 52?
49
Calculate the remainder when 190 is divided by 88.
14
Calculate the remainder when 210 is divided by 16.
2
Calculate the remainder when 6476 is divided by 324.
320
Calculate the remainder when 659 is divided by 51.
47
What is the remainder when 432 is divided by 11?
3
What is the remainder when 593 is divided by 123?
101
What is the remainder when 6 is divided by 3?
0
Calculate the remainder when 490 is divided by 104.
74
What is the remainder when 427 is divided by 222?
205
What is the remainder when 159 is divided by 28?
19
What is the remainder when 5876 is divided by 309?
5
Calculate the remainder when 105 is divided by 37.
31
What is the remainder when 5924 is divided by 79?
78
Calculate the remainder when 2832 is divided by 189.
186
Calculate the remainder when 965 is divided by 44.
41
What is the remainder when 259 is divided by 14?
7
What is the remainder when 522 is divided by 75?
72
What is the remainder when 659 is divided by 24?
11
What is the remainder when 1673 is divided by 331?
18
Calculate the remainder when 260 is divided by 45.
35
Calculate the remainder when 340 is divided by 58.
50
Calculate the remainder when 2531 is divided by 1265.
1
Calculate the remainder when 936 is divided by 35.
26
Calculate the remainder when 39856 is divided by 14.
12
What is the remainder when 148 is divided by 25?
23
What is the remainder when 200 is divided by 99?
2
Calculate the remainder when 488 is divided by 157.
17
What is the remainder when 36 is divided by 23?
13
What is the remainder when 1031 is divided by 47?
44
What is the remainder when 1319 is divided by 148?
135
Calculate the remainder when 315 is divided by 6.
3
Calculate the remainder when 1086 is divided by 172.
54
Calculate the remainder when 472 is divided by 54.
40
What is the remainder when 359 is divided by 158?
43
What is the remainder when 704 is divided by 335?
34
What is the remainder when 572 is divided by 64?
60
Calculate the remainder when 134 is divided by 20.
14
What is the remainder when 484 is divided by 16?
4
Calculate the remainder when 220 is divided by 13.
12
What is the remainder when 1072 is divided by 26?
6
What is the remainder when 188 is divided by 7?
6
Calculate the remainder when 2417 is divided by 44.
41
What is the remainder when 717 is divided by 8?
5
Calculate the remainder when 1510 is divided by 89.
86
Calculate the remainder when 1049 is divided by 521.
7
What is the remainder when 416 is divided by 40?
16
Calculate the remainder when 131 is divided by 7.
5
Calculate the remainder when 3106 is divided by 111.
109
What is the remainder when 26635 is divided by 13?
11
Calculate the remainder when 145 is divided by 91.
54
Calculate the remainder when 169 is divided by 77.
15
Calculate the remainder when 61 is divided by 9.
7
Calculate the remainder when 187 is divided by 50.
37
Calculate the remainder when 10249 is divided by 250.
249
What is the remainder when 284 is divided by 26?
24
Calculate the remainder when 296 is divided by 11.
10
What is the remainder when 156 is divided by 48?
12
What is the remainder when 1885 is divided by 14?
9
Calculate the remainder when 93 is divided by 28.
9
What is the remainder when 191 is divided by 12?
11
What is the remainder when 432 is divided by 31?
29
Calculate the remainder when 1048 is divided by 30.
28
Calculate the remainder when 389 is divided by 39.
38
What is the remainder when 19 is divided by 12?
7
Calculate the remainder when 727 is divided by 636.
91
What is the remainder when 111 is divided by 21?
6
Calculate the remainder when 532 is divided by 230.
72
What is the remainder when 3316 is divided by 40?
36
Calculate the remainder when 482 is divided by 39.
14
What is the remainder when 685 is divided by 5?
0
Calculate the remainder when 931 is divided by 153.
13
What is the remainder when 45762 is divided by 68?
66
Calculate the remainder when 815 is divided by 401.
13
What is the remainder when 45 is divided by 38?
7
Calculate the remainder when 1578 is divided by 18.
12
Calculate the remainder when 152 is divided by 36.
8
Calculate the remainder when 91 is divided by 42.
7
What is the remainder when 570 is divided by 271?
28
Calculate the remainder when 92 is divided by 36.
20
Calculate the remainder when 1190 is divided by 4.
2
What is the remainder when 71 is divided by 41?
30
What is the remainder when 878 is divided by 176?
174
Calculate the remainder when 100 is divided by 18.
10
What is the remainder when 1194 is divided by 26?
24
What is the remainder when 414 is divided by 106?
96
What is the remainder when 366 is divided by 10?
6
Calculate the remainder when 237 is divided by 169.
68
What is the remainder when 276 is divided by 93?
90
Calculate the remainder when 1143 is divided by 52.
51
Calculate the remainder when 9910 is divided by 14.
12
Calculate the remainder when 142 is divided by 45.
7
What is the remainder when 749 is divided by 163?
97
What is the remainder when 4207 is divided by 81?
76
Calculate the remainder when 313 is divided by 40.
33
What is the remainder when 311 is divided by 95?
26
Calculate the remainder when 1189 is divided by 7.
6
Calculate the remainder when 1011 is divided by 44.
43
What is the remainder when 1662 is divided by 25?
12
What is the remainder when 94 is divided by 39?
16
What is the remainder when 138 is divided by 51?
36
Calculate the remainder when 198 is divided by 193.
5
Calculate the remainder when 4872 is divided by 46.
42
What is the remainder when 678 is divided by 24?
6
What is the remainder when 424 is divided by 206?
12
What is the rema